ivisor of 291332 and 8996?
692
Calculate the highest common factor of 119153 and 221.
17
Calculate the highest common divisor of 20 and 2030110.
10
What is the greatest common divisor of 151386 and 23?
23
What is the highest common factor of 28576 and 20?
4
Calculate the greatest common factor of 21774 and 955.
191
What is the highest common factor of 308 and 13699?
7
Calculate the highest common factor of 514 and 92777.
257
Calculate the greatest common divisor of 4913544 and 816.
408
Calculate the highest common factor of 776 and 13289.
97
What is the greatest common factor of 25740 and 936?
468
Calculate the greatest common divisor of 320 and 6304.
32
Calculate the highest common factor of 12600 and 2325.
75
Calculate the highest common factor of 3 and 2150.
1
Calculate the highest common divisor of 211819 and 191.
191
Calculate the highest common factor of 324 and 40581.
81
What is the greatest common factor of 6832 and 64050?
854
What is the highest common divisor of 112 and 310456?
8
What is the highest common divisor of 4662 and 9102?
222
What is the highest common factor of 17792 and 208?
16
Calculate the highest common divisor of 1254058 and 417.
139
Calculate the highest common factor of 1699953 and 6532.
1633
Calculate the greatest common factor of 3856 and 6025.
241
What is the greatest common factor of 84419 and 3567?
1189
What is the highest common divisor of 11 and 1046?
1
What is the highest common factor of 63060 and 120?
60
What is the greatest common factor of 322 and 44597?
161
What is the highest common factor of 297 and 7249?
11
Calculate the greatest common divisor of 319715 and 1980.
55
Calculate the greatest common divisor of 78 and 4476.
6
Calculate the highest common divisor of 115840 and 65.
5
What is the highest common factor of 10252 and 90404?
932
Calculate the greatest common divisor of 32054 and 1023.
341
What is the greatest common factor of 17 and 1124?
1
What is the highest common divisor of 39900 and 3360?
420
Calculate the highest common divisor of 7070 and 10302.
202
Calculate the greatest common divisor of 283503 and 71.
71
What is the greatest common factor of 262 and 3884019?
131
Calculate the greatest common divisor of 10 and 2312735.
5
Calculate the highest common factor of 10 and 207391.
1
Calculate the highest common factor of 168 and 4308.
12
What is the greatest common divisor of 7314 and 330?
6
What is the greatest common factor of 99 and 5094?
9
What is the greatest common divisor of 18883 and 22167?
821
What is the greatest common divisor of 1831923 and 57?
57
What is the highest common factor of 122 and 4399808?
122
Calculate the highest common divisor of 2493659 and 98.
49
What is the highest common factor of 133 and 86051?
133
Calculate the greatest common factor of 820928 and 2540.
508
Calculate the highest common factor of 3416 and 1128.
8
Calculate the greatest common factor of 948 and 211404.
948
Calculate the greatest common divisor of 35956 and 3916.
356
Calculate the highest common divisor of 980 and 40.
20
What is the greatest common divisor of 75 and 159975?
75
What is the highest common divisor of 204 and 138?
6
Calculate the highest common divisor of 11060 and 1460.
20
What is the highest common divisor of 117766 and 24486?
1166
What is the greatest common divisor of 78223 and 716?
179
What is the highest common factor of 35029 and 46?
23
Calculate the greatest common divisor of 96 and 3153768.
24
What is the greatest common divisor of 202059 and 78?
39
What is the highest common factor of 9648 and 3297204?
2412
What is the greatest common factor of 2501760 and 5760?
1920
Calculate the highest common factor of 27671 and 6608.
413
What is the greatest common factor of 4071 and 19527?
69
Calculate the greatest common factor of 373737 and 67821.
1443
Calculate the greatest common factor of 9 and 7284024.
9
Calculate the highest common factor of 871 and 18894.
67
Calculate the highest common divisor of 2715 and 293763.
543
What is the greatest common divisor of 14602 and 447?
149
What is the greatest common factor of 783 and 349479?
261
Calculate the highest common divisor of 864588 and 20928.
1308
What is the highest common factor of 16 and 509584?
16
Calculate the greatest common divisor of 99 and 360492.
33
Calculate the greatest common divisor of 5862 and 2280.
6
Calculate the highest common divisor of 12084 and 285564.
636
Calculate the highest common factor of 225582 and 1476.
246
Calculate the greatest common factor of 1960 and 2485.
35
Calculate the greatest common factor of 684 and 44289.
171
What is the highest common divisor of 12550 and 10600?
50
Calculate the highest common divisor of 192469 and 197.
197
What is the highest common divisor of 5 and 22405?
5
Calculate the highest common factor of 498 and 807258.
498
What is the highest common divisor of 95760 and 9?
9
Calculate the greatest common divisor of 1135 and 55161.
227
Calculate the highest common factor of 2519571 and 57.
57
What is the greatest common factor of 1240038 and 54?
18
What is the highest common factor of 50416 and 529?
23
Calculate the highest common divisor of 56715 and 2280.
285
Calculate the greatest common factor of 2092772 and 88.
44
What is the greatest common factor of 33949 and 323?
17
Calculate the highest common factor of 4386669 and 63.
21
What is the greatest common divisor of 30 and 740310?
30
Calculate the highest common factor of 608 and 779.
19
Calculate the greatest common divisor of 286 and 246818.
286
What is the highest common divisor of 123717 and 26312?
253
What is the highest common factor of 16941 and 18?
3
Calculate the highest common divisor of 632 and 57749.
79
What is the highest common factor of 1672 and 231?
11
Calculate the greatest common divisor of 9700 and 168586.
194
What is the highest common divisor of 2968 and 22960?
56
What is the greatest common divisor of 274635 and 6885?
765
What is the highest common divisor of 2625 and 3360?
105
What is the highest common divisor of 685 and 360?
5
What is the highest common factor of 142 and 6603?
71
What is the greatest common divisor of 1256 and 66097?
157
What is the highest common factor of 261 and 55941?
87
What is the highest common divisor of 2241 and 54?
27
What is the highest common factor of 35563 and 22?
11
Calculate the greatest common divisor of 45900 and 24.
12
Calculate the greatest common factor of 6728 and 377.
29
Calculate the highest common divisor of 336 and 11466.
42
Calculate the highest common divisor of 80 and 640.
80
Calculate the greatest common divisor of 89750 and 146472.
718
What is the greatest common factor of 567 and 88641?
189
What is the greatest common factor of 88 and 2893?
11
What is the highest common factor of 29670 and 150?
30
What is the greatest common factor of 6243546 and 6?
6
Calculate the greatest common factor of 2988434 and 114.
38
What is the greatest common divisor of 2267018 and 78?
26
Calculate the greatest common factor of 1166 and 848.
106
What is the greatest common divisor of 13152 and 237?
3
Calculate the highest common divisor of 418 and 2242.
38
What is the greatest common factor of 245 and 45521?
49
Calculate the greatest common divisor of 16181 and 473.
11
What is the greatest common divisor of 21322 and 49?
7
Calculate the highest common divisor of 2244 and 78.
6
Calculate the greatest common divisor of 5971120 and 60.
20
What is the highest common factor of 8144 and 1175281?
509
What is the highest common divisor of 48 and 248052?
12
Calculate the greatest common divisor of 888382 and 2178.
242
What is the highest common divisor of 515821 and 46?
23
Calculate the greatest common divisor of 9676 and 23124.
164
Calculate the greatest common divisor of 237250 and 64970.
730
Calculate the highest common divisor of 966 and 384.
6
What is the highest common factor of 7296 and 60?
12
Calculate the highest common divisor of 39 and 1039233.
39
What is the highest common divisor of 64 and 517568?
64
What is the highest common divisor of 26091 and 249?
3
Calculate the greatest common divisor of 4814 and 1162.
166
What is the greatest common factor of 27720 and 270?
90
What is the greatest common divisor of 2656 and 16544?
32
What is the greatest common factor of 10 an